{"id":1291,"date":"2025-11-04T13:57:13","date_gmt":"2025-11-04T12:57:13","guid":{"rendered":"https:\/\/juditneddermann.com\/concert\/solsones-with-palestine-judit-neddermann-and-pau-figueres-lidia-pujol-damia-olivella-and-eduard-gener\/"},"modified":"2025-11-04T13:57:13","modified_gmt":"2025-11-04T12:57:13","slug":"solsones-with-palestine-judit-neddermann-and-pau-figueres-lidia-pujol-damia-olivella-and-eduard-gener","status":"publish","type":"concert","link":"https:\/\/juditneddermann.com\/en\/concert\/solsones-with-palestine-judit-neddermann-and-pau-figueres-lidia-pujol-damia-olivella-and-eduard-gener\/","title":{"rendered":"Solson\u00e8s with Palestine: Judit Neddermann and Pau Figueres, L\u00eddia Pujol, Dami\u00e0 Olivella and Eduard Gener"},"content":{"rendered":"","protected":false},"template":"","class_list":{"0":"post-1291","1":"concert","2":"type-concert","3":"status-publish","5":"entry"},"_links":{"self":[{"href":"https:\/\/juditneddermann.com\/en\/wp-json\/wp\/v2\/concert\/1291","targetHints":{"allow":["GET"]}}],"collection":[{"href":"https:\/\/juditneddermann.com\/en\/wp-json\/wp\/v2\/concert"}],"about":[{"href":"https:\/\/juditneddermann.com\/en\/wp-json\/wp\/v2\/types\/concert"}],"wp:attachment":[{"href":"https:\/\/juditneddermann.com\/en\/wp-json\/wp\/v2\/media?parent=1291"}],"curies":[{"name":"wp","href":"https:\/\/api.w.org\/{rel}","templated":true}]}}

Solsonès with Palestine: Judit Neddermann and Pau Figueres, Lídia Pujol, Damià Olivella and Eduard Gener
